 = m - 15. Let a(l) be the third derivative of -7*l**c + 0*l**3 + 1/24*l**4 + 0*l + 0. Determine a(1).
1
Let s(a) = 322*a - 112*a - 114*a + 14 - 107*a. Let f(z) = 20*z - 26. Let y(u) = 6*f(u) + 11*s(u). Determine y(-7).
5
Let o be 58 - 49 - ((-3)/9*0 + -2). Let b(q) = q**2 - 15*q - 4. Let t(h) = h**2 - 14*h - 3. Let m(j) = -5*b(j) + 6*t(j). Determine m(o).
24
Let o(p) = -20*p + 59. Let q be (-14)/(-21)*18/4. Let y be o(q). Let u(f) = 42*f**2 - 1. Give u(y).
41
Let b(q) = 17*q**2 + 29*q - 8. Let k be b(-7). Suppose 15*h - 14*h - k = 0. Let z(a) = -622 - 7*a + h. Determine z(-2).
14
Let l(z) = -92*z**2 - 51*z - 26. Let m(w) = -41*w**2 - 25*w - 13. Let i(n) = -4*l(n) + 9*m(n). Give i(-14).
85
Suppose 2*w + 13 = 4*r + w, -5*r + 30 = -4*w. Suppose 0*j - r*j = -12. Let n(v) = 9 + 9 - 19 - 2 - v + 6. What is n(j)?
-3
Let t(s) be the first derivative of s**3/3 + 3*s**2/2 - 5*s - 887. Let p = -48 - -53. Determine t(p).
35
Let t(s) = 7*s + 9. Let m(q) = -461*q - 1381. Let z be m(-3). What is t(z)?
23
Let c(l) = -218*l + 114*l + 3*l**2 + 2*l**2 + 105*l - 2. Determine c(2).
20
Let o(i) = -i**2 - 5*i - 1. Let s(r) = -r**3 - 4*r**2 + 3*r + 4. Let j be s(-4). Let m = 7 - j. Let v = m + -20. Determine o(v).
-1
Let h be -12 + 18 - 5/((-10)/(-12)). Let p = -4 - -9. Let a(i) = 6*i - 12*i + 7*i + p + h. What is a(-6)?
-1
Let s(u) = u - 2. Suppose -2 = 8*h - 9*h. Suppose -2*l = -10, -16 = -q - q - h*l. Suppose 0 = -5*k - 2*t, 2*t + 1 = -q*k - 3. Calculate s(k).
0
Let z(c) = -c + 1. Suppose 12 = -21*g + 24*g. Suppose 0 = -g*q + 5*d + 36, q - 4*d - 9 = -0*q. Suppose -6*y = -q*y - 12. What is z(y)?
5
Suppose 7 = 6*p - 5. Let h(i) = 3 - 10*i**2 - 463*i + 462*i - p. Let k(q) = -q**3 - 5*q**2 + 1. Let w be k(-5). What is h(w)?
-10
Suppose -4*s + 3*b - 27 = 0, -18 = -4*b + 2. Let l(y) = 3*y + 18. Determine l(s).
9
Let x(c) = -2*c**2 + 851*c - 54753. Let g be x(79). Let u(r) be the first derivative of -r**3/3 - 3*r**2/2 - 4*r + 1. Give u(g).
-22
Let g(f) = f**2 - f - 1. Let z(b) = -5*b**2 - 14*b + 5. Let j(d) = -d**2 - 2*d + 1. Let y(t) = -6*j(t) + z(t). Let x(s) = 3*g(s) - 2*y(s). Determine x(0).
-1
Let w(u) = 7*u**2. Suppose -14*r + 604 = -278. Suppose -r*v + 13 = -50*v. What is w(v)?
7
Let q = -48 + 63. Let z be (57/(-15) - -4)/((-3)/q). Let v(u) = 6*u**3 + 2*u**2 + 2*u + 1. Determine v(z).
-5
Let h(a) = 4*a + 1. Let g(q) be the second derivative of -25*q**3/6 + 3*q**2 + 103*q. Let b(z) = g(z) + 6*h(z). Give b(10).
2
Let s(g) be the third derivative of 0*g - 1/24*g**4 + 166*g**2 + 0 - 19/6*g**3. Determine s(0).
-19
Let b(g) = 11*g**2 - 83*g. Let j(s) = -5*s**2 + 39*s. Let c(f) = -6*b(f) - 13*j(f). Let m(v) = v - 3*v + 4 - 3. Let w be m(5). Give c(w).
0
Let i be -1*1 + (-15 - 0)*(-28)/140. Let n(t) be the first derivative of 11 - 11*t + 3*t**i + 1/3*t**3. Give n(-8).
5
Let n(y) = -y + 5*y + 5 - 3. Suppose -5*k = -4*x - 30, 44 = 3*k - 208*x + 203*x. Calculate n(k).
-6
Let k(h) = h**2 + 4*h - 12. Let t = -3346 + 3351. Give k(t).
33
Let d(b) = -b + 7. Suppose 0*a = a + 3*t - 3, -5*a = -3*t - 69. Let z be a - 6 - (0 + 2). Calculate d(z).
3
Let l(s) = -s**2 - 3*s + 3. Suppose -4144*d = -4110*d + 238. What is l(d)?
-25
Let y(h) = 9*h**2 - h - 2. Suppose -688*t - 1 = -672*t - 1. What is y(t)?
-2
Let d(x) be the second derivative of -x**4/12 - 25*x**3/3 + 4*x**2 + 2*x + 30. Let u be d(0). Let i(y) = -2*y + 15. Calculate i(u).
-1
Let p(x) be the first derivative of 7*x**2/2 - 83*x - 10151. Determine p(15).
22
Let u(f) = -497 - f**3 - 17*f**2 - 3*f**3 + 521 - f + 3*f**3. Determine u(-17).
41
Let d(m) = -2*m + 4. Let n be (-2)/(-2 + 14/8). Let l(y) = 6*y - 11. Let s(a) = n*d(a) + 3*l(a). Suppose -12*q = 37 + 69 - 22. What is s(q)?
-15
Let g(i) = -85*i**2 + 25*i + 14. Let s(j) = -7*j**2 + j + 2. Let d(o) = -g(o) + 12*s(o). What is d(8)?
-30
Let c be (8 + 1 - 2)/(-1). Let n(w) be the second derivative of -w**5/20 - 7*w**4/12 - 4*w**2 - 29*w + 11. What is n(c)?
-8
Let c(q) = -27*q**2 + 499 - 1008 + 507 - 4*q. Calculate c(-1).
-25
Let i(o) = o**2 - 6*o + 2. Let y = 7 + -7. Suppose -3*u - 5*l = -70, y*l + 90 = 4*u + 5*l. Let x = u - 16. Determine i(x).
-6
Let l(s) = 6*s + 53. Let c(a) = a**3 - 21*a**2 + 18*a + 28. Let z be c(20). Determine l(z).
-19
Let w be 868/(-31)*(-5)/(-20). Let f(c) = -5*c - 38. What is f(w)?
-3
Suppose 0 = 4*a - 1387 + 347. Suppose 2*t = -3*t + a. Let b(m) = 13 + m - t + 12 + 22. Determine b(4).
-1
Let y(d) = 49*d**2 - 66*d + 107. Let z(x) = 27*x**2 - 32*x + 54. Let m(b) = -5*y(b) + 9*z(b). Calculate m(19).
27
Let r = 13120 + -13120. Suppose -a - 6 = -3*z + 2*a, 5*z + 2*a - 17 = 0. Let k(h) = -h**z + 5*h**2 + h - 2*h**2 - 5 - 2*h**2. What is k(r)?
-5
Let k(z) = -z**3 + 5*z**2 + 5*z - 5. Suppose 4*v = -8, -2*c + 5*c = 2*v - 2. Let g be 0 - -1 - (0 + c). Let u be (1/3 - g)*18/(-8). Give k(u).
-11
Let j(n) = n**2 - 9*n + 10. Let s be j(7). Let k = 32 - 26. Let g(a) = -3*a - a - 16*a**2 - 1 + k + 15*a**2. Give g(s).
5
Suppose 11*u - 12 - 39 - 70 = 0. Let i(r) = -r**3 + 11*r**2 - r + 17. Give i(u).
6
Suppose 0 = 335*r - 2868 + 1182 - 4009. Let x(q) = -4*q + 86. Determine x(r).
18
Let f = 308 + -289. Let v(i) = -i**2 + 22*i - 60. Determine v(f).
-3
Let g(n) be the second derivative of -n**6/720 + 3*n**5/40 + 31*n**4/12 + n**2 + 7*n + 4. Let l(m) be the third derivative of g(m). Give l(7).
2
Let p(t) = -6*t + 9. Suppose -81*c + 60 = 76*c - 145*c. Determine p(c).
-21
Let k(l) = -l**3 - 1. Suppose 5*o + 56 = 111. Suppose -5*u - 19 = o. Let n(g) = -5*g**3 - 4*g**2 - 5*g - 12. Let j(x) = u*k(x) + n(x). Give j(5).
-6
Let h(r) = -28*r + 63. Let l(b) = 61*b - 122. Let v(t) = 13*h(t) + 6*l(t). What is v(-46)?
-5
Let q be -4*-3*2/12. Suppose q*a + 4 = 4*a. Let k = a - 1. Let s(m) = 5*m**3 - m**2 + m. Determine s(k).
5
Suppose 3*t + 7 = 22. Suppose 3*u - 4*v - t = 0, 2*v + 7 = 2*u + 3. Suppose 2*s - 4*s = u*s. Let c(q) = q**2 - q - 10. Determine c(s).
-10
Suppose 2*b + 24 = 2*n, 4*b - n = -16 - 41. Let x(w) = w**3 + 16*w**2 + 16*w + 19. What is x(b)?
4
Suppose 5 = -i - 2*d, 3 = -4*i - d + 11. Suppose -j = y - 3, -8*j = -2*y - i*j - 15. Let a(k) = -2*k - 2. Calculate a(y).
-2
Let q(a) be the first derivative of 2*a**3/3 + a**2 + 2*a + 46. Suppose 5*z - z = -3*y - 20, -3*z - 3*y - 18 = 0. Determine q(z).
6
Let p(s) = -6*s - 22. Let v(o) = -13*o - 50. Let b(f) = 18*p(f) - 8*v(f). Let q = -46 - -48. Calculate b(q).
-4
Let i be ((-468)/54)/(8/12). Let s(d) = -d**3 - 12*d**2 + 13*d + 1. Calculate s(i).
1
Let k(s) be the first derivative of -45 + 24 + 99 + 0*s**2 + 87 - 3*s**2. What is k(-2)?
12
Let j(f) = 37*f**2 - 864*f + 221. Let o(w) = 4*w**2 - 96*w + 23. Let v(s) = -2*j(s) + 19*o(s). What is v(48)?
-5
Let a(p) = 34*p + 412. Let s(w) = -w**3 + 90*w**2 + 86*w + 443. Let r be s(91). Calculate a(r).
4
Let o(n) = -5*n**3 + 35*n**2 - 7. Let w(b) = -3*b**2 + 42*b + 52. Let p be w(15). Determine o(p).
-7
Let l(x) = x**3 + 2*x**2 - 7*x - 11. Let d = 2624 + -2626. Give l(d).
3
Let f(x) = -x**3 + 3*x**2 + 4*x + 5. Let g be f(4). Let p(z) = 2*z**2 + 41*z - 63. Let v be p(-22). Let j(b) = -b - 2 + 2*b + 0*b + 0*b - v*b. What is j(g)?
-12
Let i(r) = r - 36. Let l(h) = -h**3 - 6*h**2 - 9*h + 5. Let x be l(-4). Calculate i(x).
-27
Let d(m) be the first derivative of -m**3/3 - m**2 + m - 5. Let k = -1415 - -1411. Give d(k).
-7
Let z(u) = u**2 - 14*u - 1. Let o be z(14). Let p(n) = 11*n - 4. Let s be p(1). Let a(j) = 11*j**2 - s*j**2 + j**2. What is a(o)?
5
Let a = 2 + -5. Let n(z) = 10*z**2 - 2*z - 54. Let q(o) = -3*o**2 + o + 15. Let u(g) = -2*n(g) - 7*q(g). Determine u(a).
21
Let r(u) be the first derivative of -1/2*u**2 - u - 4. Let t = -5481 + 5485. Give r(t).
-5
Let w(g) = g**2 - g - 5. Suppose 0*c = 12*c - 468. Let s = -41 - -7. Let n = s + c. Give w(n).
15
Suppose m = 11 - 9. Let l(a) = 7*a - 7. Let y(i) = i. Let h(g) = l(g) - 2*y(g). Let p be h(m). Let b(f) = 2*f**3 - 3*f**2 - 3*f. Determine b(p).
18
Let n(l) = l**3 + 13*l**2 + 11*l. Suppose -5*b = -5*y + 5, 3*b = -y - 0*b + 9. Suppose -2*v - 3*d = 30, -v - y*d = -4*v - 30. Determine n(v).
12
Let t(j) be the third derivative of j**5/60 - 3*j**4/8 + 5*j**3/3 - 83*j**2 + 9*j. Determine t(11).
32
Suppose -2*r - 4*k + 0 = -4, -2*k - 10 = -r. Let g be (9/r)/(1/(-4)*3). Let h(z) = -2 + 6*z**2 + 6*z - 2*z - 2*z. Determine h(g).
18
Let b(y) b